?
False
Does 4588 divide 102932908?
False
Is 374451519 a multiple of 28?
False
Does 34 divide 41109870?
False
Is 616883 a multiple of 58?
False
Does 938 divide 211814320?
False
Is 1461 a factor of 3031662660?
True
Is 119152324 a multiple of 314?
True
Does 49 divide 51875271?
True
Is 15252836 a multiple of 503?
False
Is 35 a factor of 595089950?
True
Does 470 divide 160332510?
True
Is 5 a factor of 4539553?
False
Is 40217484 a multiple of 447?
True
Does 547 divide 28611382?
True
Does 465 divide 194734562?
False
Is 6 a factor of 17591672?
False
Is 2949 a factor of 1839102564?
True
Is 297734666 a multiple of 142?
True
Is 546 a factor of 122286528?
True
Does 20 divide 2323597526?
False
Is 122713443 a multiple of 686?
False
Is 193 a factor of 2332348837?
True
Is 21439224 a multiple of 24?
True
Is 237 a factor of 25619463?
True
Is 524440089 a multiple of 2001?
True
Does 956 divide 3855111282?
False
Is 153 a factor of 146526589?
False
Does 194 divide 323832948?
True
Is 136 a factor of 139220201?
False
Does 9 divide 26385378?
False
Is 5412 a factor of 157797684?
True
Is 89607331 a multiple of 17?
False
Is 2702 a factor of 37711562?
False
Does 135 divide 20044395?
True
Does 6047 divide 14343484?
True
Is 39 a factor of 2367741427?
False
Does 51 divide 892646?
False
Does 39 divide 373348826?
False
Is 21 a factor of 28653492?
True
Is 1620 a factor of 117248507?
False
Is 7116 a factor of 479014805?
False
Is 33213070 a multiple of 17?
True
Does 467 divide 23859135?
False
Is 63582600 a multiple of 200?
True
Does 135 divide 5210444?
False
Does 128 divide 63068416?
True
Does 33 divide 88575179?
False
Is 27488473 a multiple of 307?
True
Is 59871741 a multiple of 238?
False
Does 3206 divide 670717642?
True
Does 12 divide 31012704?
True
Is 13 a factor of 2248325458?
False
Does 15 divide 282358965?
True
Does 17 divide 6316941?
False
Is 358557657 a multiple of 3190?
False
Is 909810690 a multiple of 4968?
False
Is 5 a factor of 227903032?
False
Is 4 a factor of 156058170?
False
Is 74715408 a multiple of 2654?
True
Is 56362532 a multiple of 1044?
False
Is 166338374 a multiple of 4118?
True
Is 6 a factor of 168702249?
False
Is 627094080 a multiple of 23?
True
Is 40 a factor of 471621720?
True
Is 126129764 a multiple of 37?
False
Is 32 a factor of 575461632?
True
Is 723140288 a multiple of 731?
True
Does 154 divide 390966480?
False
Is 29 a factor of 250025311?
False
Does 19 divide 925292?
False
Is 1242 a factor of 4019818698?
True
Does 319 divide 3115220977?
True
Is 300 a factor of 100733400?
True
Is 11862 a factor of 1945676412?
True
Is 485 a factor of 171829680?
True
Does 13 divide 6526750?
False
Is 9 a factor of 6307961?
False
Is 560185479 a multiple of 21?
True
Is 431697002 a multiple of 6742?
True
Is 31679310 a multiple of 30?
True
Is 12 a factor of 33304450?
False
Is 48 a factor of 102374129?
False
Does 147 divide 2449933605?
True
Is 102 a factor of 680136816?
True
Is 9 a factor of 27913032?
True
Is 1853059320 a multiple of 56?
True
Does 231 divide 136205417?
False
Does 142 divide 81653550?
True
Is 44 a factor of 37563879?
False
Is 11 a factor of 33740982?
True
Is 23 a factor of 68030091?
False
Is 63833334 a multiple of 51?
True
Does 85 divide 42739673?
False
Is 11 a factor of 37431592?
True
Is 39 a factor of 8307190?
False
Does 57 divide 8894938?
False
Does 670 divide 88135150?
True
Is 130767872 a multiple of 1024?
True
Does 7 divide 5676279?
True
Is 1327680272 a multiple of 81?
False
Does 91 divide 36369879?
True
Does 1569 divide 8494566?
True
Is 15014565 a multiple of 135?
True
Is 130795139 a multiple of 1467?
False
Is 109475759 a multiple of 124?
False
Does 11 divide 29250782?
True
Is 721786455 a multiple of 65?
True
Is 99 a factor of 1003088988?
True
Does 1852 divide 284181992?
True
Is 102366102 a multiple of 731?
False
Is 15309120 a multiple of 2?
True
Does 722 divide 166913535?
False
Is 589 a factor of 20671544?
True
Is 297 a factor of 125334?
True
Does 9 divide 4774224?
False
Is 6551604 a multiple of 1971?
True
Is 83528640 a multiple of 140?
False
Does 156 divide 45039033?
False
Is 1003327754 a multiple of 13?
True
Is 774 a factor of 63511880?
False
Is 265063150 a multiple of 246?
False
Does 5654 divide 870807924?
False
Is 18184919 a multiple of 19?
True
Is 149 a factor of 498341079?
True
Is 1095 a factor of 24071487?
False
Is 1203 a factor of 48494133?
True
Is 2684 a factor of 2798553120?
True
Is 9376000 a multiple of 1000?
True
Is 3600 a factor of 155348152?
False
Is 2157360178 a multiple of 26?
False
Is 260817670 a multiple of 5?
True
Is 17 a factor of 51869432?
False
Does 6101 divide 248088693?
False
Is 22640550 a multiple of 5?
True
Is 528796475 a multiple of 18?
False
Is 201018718 a multiple of 13?
False
Is 32752773 a multiple of 1035?
False
Does 167 divide 1826479?
True
Is 123412410 a multiple of 405?
True
Does 273 divide 41538042?
True
Does 744 divide 46282999?
False
Is 11185127 a multiple of 71?
True
Is 16833705 a multiple of 105?
True
Is 222815589 a multiple of 412?
False
Is 5 a factor of 6040952?
False
Is 12404710 a multiple of 278?
False
Is 13256 a factor of 1329669943?
False
Is 785 a factor of 637302281?
False
Is 11 a factor of 151613695?
False
Does 9478 divide 913987464?
False
Is 94647746 a multiple of 28?
False
Does 2 divide 4073655?
False
Is 604272429 a multiple of 114?
False
Is 6944 a factor of 1794743058?
False
Is 97 a factor of 38975958?
True
Is 277316 a multiple of 30?
False
Is 9053442 a multiple of 3?
True
Is 60 a factor of 85203240?
True
Does 37 divide 34968663?
True
Does 83 divide 568750818?
False
Does 174 divide 133352766?
False
Does 67 divide 7935355?
False
Is 85883568 a multiple of 3274?
True
Is 46509824 a multiple of 43?
False
Does 1997 divide 566918345?
True
Is 35 a factor of 192150910?
True
Is 5499 a factor of 1561669410?
False
Does 99 divide 58193141?
False
Is 194556784 a multiple of 16?
True
Is 343 a factor of 810972393?
True
Does 52 divide 49556832?
True
Is 510 a factor of 129876090?
True
Is 31 a factor of 227469172?
False
Does 1282 divide 38944596?
True
Is 346707901 a multiple of 61?
False
Is 102 a factor of 9018330?
True
Is 121 a factor of 22731557?
False
Is 5863 a factor of 888322114?
False
Is 7131 a factor of 1042480890?
True
Is 26672856 a multiple of 294?
True
Is 49251160 a multiple of 70?
True
Is 49337584 a multiple of 44?
False
Is 1092750372 a multiple of 3038?
True
Is 143 a factor of 14996973?
False
Is 364396284 a multiple of 1414?
True
Is 15 a factor of 391565632?
False
Is 899 a factor of 726181701?
False
Does 97 divide 5625246?
False
Is 1031332732 a multiple of 5295?
False
Does 40 divide 76565200?
True
Is 1652 a factor of 689457244?
True
Does 16 divide 259291945?
False
Is 189 a factor of 794967?
False
Is 166446607 a multiple of 23?
True
Does 812 divide 1596700087?
False
Is 177212961 a multiple of 365?
False
Is 376 a factor of 1763698312?
True
Does 117 divide 2475033?
False
Is 19345757 a multiple of 119?
False
Is 42415459 a multiple of 28?
False
Is 363 a factor of 80121098?
False
Is 55 a factor of 46119865?
True
Is 16098918 a multiple of 353?
True
Is 120 a factor of 19897800?
True
Is 3311331 a multiple of 125?
False
Does 28 divide 30365168?
False
Is 413074396 a multiple of 14?
True
Does 8 divide 199637769?
False
Does 204 divide 250729244?
False
Does 39 divide 89170614?
True
Is 4912300 a multiple of 25?
True
Is 296 a factor of 1181879?
False
Is 111588694 a multiple of 36?
False
Does 32 divide 4037568?
True
Is 10 a factor of 7865360?
True
Does 938 divide 42348824?
True
Is 68 a factor of 103427924?
False
Is 1704438 a multiple of 8?
False
Does 413 divide 1322111707?
True
Is 1433550956 a multiple of 96?
False
Is 276 a factor of 32655178?
False
Does 4400 divide 748657521?
False
Is 57774490 a multiple of 542?
True
Is 64490712 a multiple of 78?
True
Is 183 a factor of 362362677?
False
Is 17 a factor of 1166309789?
False
Is 41 a factor of 204067701?
True
Is 217 a factor of 175334328?
False
Is 21724192 a multiple of 112?
True
Does 1946 divide 109645424?
True
Does 3993 divide 3212694309?
False
Is 241 a factor of 3387014?
True
Is 1863 a factor of 147665106?
True
Is 338187672 a multiple of 9?
True
Does 45 divide 3894873?
False
Is 3941367678 a multiple of 435?
False
Is 2215619 a multiple of 3?
False
Does 546 divide 86473110